/(-3 + (-586)/(-195)) is divided by u(14).
28
Suppose 23*o = 27*o - 100. What is the remainder when 82 is divided by -2 - -3 - -67 - (27 - o)?
16
Suppose -7*l + 29 = -6. Suppose -5*g + 377 + 545 = 3*y, -l*g + 294 = y. What is the remainder when y is divided by 63?
62
Let x(c) = -16*c + 16*c - 108 - 9*c. Calculate the remainder when 114 is divided by x(-13).
6
Suppose 6*f + 8712 = 57*f + 70*f. Calculate the remainder when f is divided by (-3)/12 + (-122)/(-8).
12
Suppose 8505 = 4*q - 5*d, -1603*d + 15 = -1598*d. What is the remainder when q is divided by 426?
0
Let a = -11311 - -17537. Calculate the remainder when a is divided by 12.
10
Let h = -561 + 567. Let k(u) = u**2 + 4*u - 1. Suppose 2*i + 1 = i + 5*w, -3*w - 33 = 5*i. Calculate the remainder when k(i) is divided by h.
5
Let z = 464 + -325. What is the remainder when z is divided by 3 - (36/60)/(1/(-10))?
4
Suppose 2*z = -4*s + 1502, 4*s = -5*z + 4610 - 903. What is the remainder when z is divided by 125?
110
Let z(k) = 3*k**2 - 15*k + 6. Let i be z(9). Let m = i - 64. What is the remainder when (20/m)/(79/(-80) - -1) is divided by 12?
8
Suppose 2695 = -73*z + 68*z. Let w = z - -610. What is the remainder when w is divided by -2 + 1 + 20/2?
8
Let i = -12170 - -12330. What is the remainder when i is divided by 27?
25
Suppose 37*n + 32 = 2104. Calculate the remainder when n is divided by 26.
4
Suppose 17959 - 19523 = 63*d - 45034. Calculate the remainder when d is divided by 50.
40
Suppose 3*w - 314*o - 2672 = -312*o, 5*w = 3*o + 4452. Calculate the remainder when w is divided by 32.
24
Let a = 381 + -379. Suppose 54 = 4*f + a*x, -f - x - 21 = -3*f. What is the remainder when 152 is divided by f?
8
Suppose c - w = 471, 2*w + 2126 = 5*c - 253. Calculate the remainder when c is divided by 35.
24
Let z(l) = -l**3 - l**2 - 6*l - 11. Let u be z(-5). Let y = -96 + u. Calculate the remainder when 44 + 1 + (-3)/3 is divided by y.
21
Calculate the remainder when -5*(-28)/(-80)*-180 is divided by 312.
3
Let o(w) = 2*w**3 - 6*w**2 + 135*w - 525. Calculate the remainder when 652 is divided by o(4).
41
Suppose -4*v + 88*p + 48 = 86*p, 4*p + 24 = -v. Calculate the remainder when 9507 is divided by v.
3
Let f = 68 + -64. Suppose -5*o - 71 = -3*c, f*c = 3*o - 4*o + 110. Let b(a) = -130*a**3 + 4*a**2 + 2*a - 1. Calculate the remainder when b(-1) is divided by c.
23
Let t(l) = l**2 - 46*l + 66. Let g(k) = -9*k + 13. Let b(n) = -11*g(n) + 2*t(n). Suppose -6*y = -3*y + 33. Calculate the remainder when b(y) is divided by 26.
24
Let w = -55 - -56. Let x be w - (1/(-2) + 22/(-4)). Suppose -76 - 15 = -x*f. Calculate the remainder when f is divided by 2.
1
Suppose -3*f + 4*p - 3*p = -2398, 5*p + 1616 = 2*f. What is the remainder when f is divided by 100?
98
Let a(j) = j**3 + 4*j**2 - 8*j - 28. Let z be a(-4). Suppose -161 = -z*p + 3*c - 41, -3*c = p - 45. Calculate the remainder when 129 is divided by p.
30
Let a = -319 - -323. Let v(b) = b**2 - 6*b + 27. Suppose 0 = 4*q - 2*x + 3*x - 42, 0 = -4*q - 3*x + 38. What is the remainder when v(a) is divided by q?
8
Suppose 0*s + 3*s = -3, -k + 3*s + 8 = 0. Suppose -m + 2*m - 4*o = -12, -k*m = o - 24. Suppose -m*w = w - 70. What is the remainder when 82 is divided by w?
12
Let w(l) = 6*l + 8*l - 6*l. What is the remainder when w(2) is divided by (21 - (3 - -19))/(2*2/(-8))?
0
Let w(n) = 5*n - 14. Let z = 97 + -99. Let p be (-45)/(-6) - (-1)/z. What is the remainder when 188 is divided by w(p)?
20
Let i be ((-8)/(-6))/(12/18). Let g(o) = 4*o**2 + 24 - 3*o**2 - i*o**2 + 12*o - 16. Calculate the remainder when g(7) is divided by 17.
9
Suppose -198*x = -202*x + 132. Suppose -3*m + 33 = -5*h, -x = -2*h - 27. Calculate the remainder when 511 is divided by m.
15
Let v(x) = -x + 7. Let n be v(-9). Suppose -t = -a + 33, t = n*a - 14*a - 69. Calculate the remainder when 158 is divided by a.
14
Suppose -2*k = -3*w + 974, 51*w = 54*w + 4*k - 986. Calculate the remainder when 653 is divided by w.
1
Let p(l) = 1803*l**3 + 4*l**2 - 4*l + 3. Let a be p(1). Suppose 0 = a*v - 1809*v + 126. Calculate the remainder when 87 is divided by v.
3
Suppose 0 = 5*p - 7*p - 36. Let c = p - -27. Suppose 0 = -0*h + 2*h - 6, 3*y = -4*h + 84. What is the remainder when y is divided by c?
6
Suppose -6082 = 19*f - 1009. Let r = -158 - f. Suppose 0 = 2*k - 40 + 12. What is the remainder when r is divided by k?
11
What is the remainder when 108/30 + -4 + 864/10 is divided by 15?
11
Let v(o) = o**3 + 79*o**2 + 23*o + 171. What is the remainder when v(-78) is divided by 95?
91
Suppose -52*g = -53*g + 5, -v + 3*g = -51. Calculate the remainder when 2565 is divided by v.
57
Suppose 0*z - 5*z + 25 = 5*v, 0 = 3*z - 5*v - 31. Let k = -631 + 659. What is the remainder when k is divided by z?
0
Suppose y = -0*r + r - 72, -3*r = 2*y - 191. Let p = 149 + -173. Let t = r - p. Calculate the remainder when t is divided by 31.
29
Let g(p) = 2*p**2 - 3*p - 4. Let f be (-13 - -6)*(-3)/7. Let k(x) = -10*x**3 - 8*x**2 - 2*x + 1. What is the remainder when g(f) is divided by k(-1)?
0
Suppose -x + 2*t = 383, -104 = x + 2*t + 299. Let w = -364 - x. What is the remainder when 170 is divided by w?
25
Suppose -1046 = -64*w + 1524 - 586. What is the remainder when 2384 is divided by w?
28
Let h be 30/9 - 2/6. Suppose -4*o + 753 = h*q, -2*o + 0*o - 3*q + 381 = 0. What is the remainder when (-9 + 6)/((-3)/o) is divided by 47?
45
Suppose -4*z + 13053 = 2*m - 9739, -421968 = -37*m + 5*z. Calculate the remainder when m is divided by 61.
58
Suppose -s - 2*f + 371 = 0, 0 = 5*f + 43 - 58. Let a = s + -329. Let m = 21 + -11. What is the remainder when a is divided by m?
6
Let v(t) = -35*t - 37. Let a be v(5). What is the remainder when 62 is divided by a/44 + 5 - (-291)/33?
8
Let y be 2219/49 - (-6)/(-21). Let p = y + -9. Suppose 10*c - 201 - 19 = 0. Calculate the remainder when p is divided by c.
14
Let m(y) = -y**3 - 3*y**2 - 7*y + 10. Let v = 342 + -345. Calculate the remainder when m(v) is divided by 16.
15
Let d be 1 + 2 - (-20 - (-14 - 2)). Let x be (1 - -86)*1 - 2. Suppose -6*t - d + x = 0. What is the remainder when 38 is divided by t?
12
Let u = -1409 - -1477. Calculate the remainder when 159 is divided by u.
23
Suppose o - 12 - 96 = -3*l, 5*o + 5*l = 510. Let b = o - 50. What is the remainder when (-12)/(-20) + (-2385)/(-25) is divided by b?
47
Suppose c - 4*v = -0*c + 28, -v + 161 = 5*c. Suppose 3*n - 951 = -2*n + 4*z, -2*n + 3*z = -379. Calculate the remainder when n is divided by c.
31
Let i be (48/20)/4 - (-235)/25. Calculate the remainder when 131 is divided by i - (4/2)/((-6)/3).
10
Suppose -53*j + 1103 = -150*j + 54065. What is the remainder when j is divided by 12?
6
Let g be (-3 + -28)/((-4)/(-12)). Let j be 814/12 + (g/(-18) - 5). Suppose -j*c - 160 = -70*c. What is the remainder when c is divided by 17?
12
What is the remainder when 20908/12 - -4 - ((-88)/(-12) + -8) is divided by 125?
122
Let w = -1334 + 1397. Calculate the remainder when 195 is divided by w.
6
What is the remainder when (14 - 0)*(24 - 21641/(-34)) is divided by 16?
15
Suppose 4*z = -5*k - 29, 3*z - 17 = -0*k + 4*k. Calculate the remainder when (6 - 1)*1/(z/(-5)) is divided by 7.
4
Suppose -6*u + 320 = -u. Let j(z) be the second derivative of -7*z**3/6 - 4*z**2 + 2*z. Calculate the remainder when u is divided by j(-3).
12
Let q(a) = -10604*a**2 - 63638*a - 8. What is the remainder when q(-6) is divided by 154/6 + (-2)/(-6)?
24
Let a(c) = -333*c**2 - 1342*c - 17. Suppose -4*m = -3*m - 111. Calculate the remainder when m is divided by a(-4).
19
Let r be (-6)/12 + 67*15/(-6). Let l = 176 + r. Calculate the remainder when l is divided by 6.
2
Suppose -8 = -2*i - 2*w, 5*i - 4*w = w + 10. Suppose -3*j + 15 + 33 = 2*f, 0 = 5*f - i*j - 141. What is the remainder when f is divided by 18?
9
Let p(u) = -2*u**3 - 154*u**2 + 146*u - 112. What is the remainder when p(-78) is divided by 36?
20
Suppose 0 = 5*f - 4*v - 807, 4*f + 4*v = 1088 - 428. Suppose 10*u + 340 = 5*u. Let o = 109 + u. What is the remainder when f is divided by o?
40
Let z be (-14)/(-56) - 1*82/8. What is the remainder when z/(-15) - (-280)/12 is divided by 54/4 + (-1)/(-2)?
10
Let r(b) = 172*b + 4147. Calculate the remainder when 568 is divided by r(-24).
17
Let y(r) = -95*r + 1578. What is th